*v. What is the highest common factor of k and 25?
5
Let w = -3 + 11. Suppose -131 = r - 139. What is the greatest common divisor of w and r?
8
Suppose -4*o + 2*o + 6 = 0. Let a = 36 - o. Suppose 0 = 5*v + 2*k - 59, -5*v + 2*v + 3*k + 27 = 0. What is the greatest common divisor of v and a?
11
Let f(t) be the second derivative of -t**3/2 + 5*t**2 - 18*t. Let y be f(-5). What is the highest common divisor of 275 and y?
25
Let c(g) = 154*g + 18. Let b be c(3). What is the greatest common factor of 15 and b?
15
Suppose 32*s - 695 = 27*s. Suppose 0 = 2*l - s - 35. What is the greatest common factor of 29 and l?
29
Let p be 0 - -1 - -6*1. Suppose 6*f = 5*a + f - 410, 20 = -4*f. What is the greatest common divisor of a and p?
7
Let x = 44 + -45. Let o(c) = 247*c**2 + 2*c. Let u be o(x). Calculate the greatest common factor of u and 35.
35
Let i be 0/((-2)/2) - 2. Let z be ((-6)/i + -3)/2. Suppose g + g - 78 = -s, z = -4*s + 3*g + 367. What is the highest common divisor of s and 22?
22
Suppose -3*g = 464 + 181. Let i = -94 - g. Calculate the highest common factor of 11 and i.
11
Let t(s) = -s**2 + 4*s + 2. Let d be t(4). Suppose -d*g + 8 + 20 = 0. Calculate the highest common divisor of g and 98.
14
Let q(u) = 16*u**2 - 21*u - 8. Let o(t) = -9*t**2 + 10*t + 4. Let n(y) = -7*o(y) - 4*q(y). Let z be n(14). Calculate the greatest common factor of 12 and z.
4
Let x(b) = b**2 - 65*b - 58. Let y be x(66). Calculate the greatest common factor of y and 52.
4
Let a be (-1)/8 + 3*1234/48. What is the highest common divisor of 33 and a?
11
Suppose 88*y = -9*y + 9215. What is the greatest common divisor of 323 and y?
19
Let j(g) be the first derivative of -10*g**2 - 19*g + 47. Let q be j(-5). What is the highest common divisor of q and 9?
9
Suppose 3*p + 3*c = 159, 4*p - c - 208 = -4*c. What is the greatest common factor of p and 98?
49
Suppose 2*r - 57 = q, 5*r + 51 = -q - 6. Let d = q - -105. What is the highest common factor of d and 6?
6
Let w = -105 + 161. Suppose 3*q = -5*o + 57, -5*q = -o - 37 - 30. What is the highest common divisor of q and w?
14
Let o be -15*(44/(-6) - 0). What is the greatest common divisor of o and 50?
10
Suppose -9*g = -1300 + 1210. Let a(z) = z**2 - 2*z - 5. Let l be a(5). What is the highest common divisor of g and l?
10
Suppose 30 = -3*q + 4*q. Let i = -3162 + 3174. What is the greatest common divisor of i and q?
6
Let i(w) = -2*w - 2. Let r be i(-1). Suppose r = -b + 3*j - 8*j - 12, -18 = -5*b + j. What is the greatest common divisor of 6 and b?
3
Let m be 15 + 2/2 - 28/7. Calculate the greatest common divisor of m and 198.
6
Suppose 12 = b + 5. Let z = 19 - 34. Let d be -2*(z/(-10) + -2). Calculate the highest common factor of b and d.
1
Let f(n) = -n**2 - 8*n + 10. Let y be f(-10). Let h = -4 - y. Let p(l) = l**3 - 6*l**2 + 3*l - 8. Let i be p(h). What is the highest common divisor of 90 and i?
10
Let s(a) = a**3 + 13*a**2 + 4. Let j be s(-13). Let i = 85 + -41. What is the greatest common divisor of j and i?
4
Suppose 1496 = 388*j - 201*j. Let t = 7 - -1. Calculate the highest common divisor of t and j.
8
Let k(u) = -4*u - 18. Let f be (7/(-2))/(4/8). Let z be k(f). Calculate the greatest common factor of z and 5.
5
Let q = -339 - -479. Suppose 2*c - 15 + 1 = 0. What is the highest common divisor of q and c?
7
Let g(q) = 12*q + 13. Let p be g(-6). Let c = -39 - p. Calculate the highest common factor of 15 and c.
5
Let v(g) = g**3 - 17*g**2 - 19*g + 15. Let f be v(18). Let k be f - -1 - 699/(-3). What is the greatest common divisor of 21 and k?
21
Let f(r) = 57*r - 19. Let o be ((-4)/(-3))/((-60)/(-135)). Let u be f(o). Calculate the greatest common factor of u and 19.
19
Let d = 1374 + -1360. Let i(l) = -l**3 - 3*l**2 + 4*l + 2. Let q be i(-4). Calculate the highest common divisor of q and d.
2
Let i(s) = -s**3 + 10*s**2 - 22*s - 7. Let g be i(5). Let r(h) = -16*h. Let m = 1 - 2. Let b be r(m). Calculate the greatest common factor of b and g.
8
Let m(q) = 5 + 3*q**2 - 2*q**2 + q**2 + 5*q. Let o be m(-4). Suppose -5*j = 5*p - 75, 78*j - 78 = 74*j + 5*p. What is the greatest common factor of o and j?
17
Let y be ((-4608)/6)/(-8) + -6. What is the greatest common factor of 72 and y?
18
Let m = 502 + 318. What is the greatest common factor of m and 60?
20
Let y be 3/((4/(-23))/(-4)). Calculate the greatest common divisor of 299 and y.
23
Let g = -113 - -23. Let o = g + 95. Calculate the greatest common divisor of 5 and o.
5
Let p be (-60)/(-14) + (-16)/56. Suppose -c - 30 = -4*z, -p*z + 2*c + c = -26. Calculate the greatest common factor of z and 6.
2
Suppose 0*t = -5*j - t - 15, j - 2*t + 3 = 0. Let r(h) = -h + 6. Let l be r(j). What is the highest common factor of l and 12?
3
Let v = -47 - -52. Suppose 4*j = v + 79. Suppose 0 = 5*z - 2*q - 60, 3*q + 20 - 77 = -3*z. What is the highest common divisor of j and z?
7
Let o = -266 + 446. Calculate the greatest common divisor of o and 20.
20
Suppose 10 = 5*y - 0*y - 5*k, -5*y - k = -34. Calculate the highest common factor of 48 and y.
6
Let w = 144 + -100. Calculate the greatest common factor of w and 176.
44
Let c be ((-8)/6)/((-4)/186). Let w = c + -45. Calculate the greatest common divisor of 51 and w.
17
Suppose -56 = -3*i + 469. Suppose 0 = 36*n - 39*n + 105. Calculate the greatest common divisor of n and i.
35
Suppose 4*l - 256 = -4*s, 3*s - 2*l - 3*l - 176 = 0. Calculate the highest common divisor of 186 and s.
62
Let w = 649 - 549. Let t = 13 - 8. Suppose -t*m + 70 = 3*q, 3*q - 23 - 33 = 2*m. Calculate the highest common divisor of w and q.
20
Let u(p) = 3*p**3 - 19*p**2 - 17*p + 23. Let r be u(7). Calculate the greatest common divisor of r and 33.
1
Let p be (-72)/108 - 610/(-6). Suppose 4*o - 2*i - 26 = 2, 3*i + 21 = 3*o. Let n = p + o. What is the greatest common divisor of n and 12?
12
Let a = 2213 - 1473. What is the greatest common divisor of 60 and a?
20
Let k be (-7)/(-3) + 2/(-6). Suppose -3*m - k*m + 100 = 0. Let c be -75*8/(-12)*1. Calculate the greatest common divisor of c and m.
10
Let i(t) be the third derivative of 5*t**4/24 + 5*t**3/3 - 6*t**2. Let s be i(-4). Let g be (16 - -1) + s + 13. Calculate the greatest common factor of 4 and g.
4
Suppose -25*i = -39*i + 616. Calculate the highest common factor of i and 22.
22
Suppose 2*q - 82 = -h + 7*q, 3*q + 6 = 0. What is the greatest common divisor of 32 and h?
8
Suppose 127 = 2*l - 2*j + j, 4*l - 4*j = 264. Suppose 4*z = 67 + l. Calculate the greatest common divisor of z and 8.
8
Suppose 24*q = 1469 - 389. What is the greatest common divisor of 585 and q?
45
Let g(x) = -5*x**2 - 3*x + 5. Let s be g(5). Let y = -63 - s. Calculate the greatest common divisor of 24 and y.
24
Let v(k) = 8*k**2 + 28*k - 6. Let m be v(-5). Suppose 134 - 6 = 4*c. Let l = m - c. Calculate the highest common factor of 22 and l.
22
Let u = -117 - -222. Suppose -5*q = v - u, -3*v + 2*q = -0*v - 315. Let r(c) = -43*c - 1. Let y be r(-1). Calculate the highest common divisor of y and v.
21
Suppose q - 13 = -p, -4*p + q - 30 = -6*p. What is the highest common factor of p and 85?
17
Let v be (-153)/(-45) + -3 - (-156)/10. Calculate the greatest common factor of 1312 and v.
16
Suppose -4*r + 2 = -5*y + 3, -y = 2*r - 17. Let p be 1122/(-42) - (-4)/(-14). Let m be 60/27 + r/p. Calculate the greatest common divisor of 2 and m.
2
Let s(g) = -g**3 + 14*g**2 + 27. Let f be s(14). Suppose -f = -4*o - 7. Calculate the greatest common factor of 10 and o.
5
Suppose 16 - 5 = -t + 3*m, 30 = -4*t + 5*m. Let k(w) = w**3 + 6*w**2 + 2*w + 7. Let h be k(t). Calculate the highest common factor of 11 and h.
11
Let c = 358 - -101. Calculate the highest common divisor of 17 and c.
17
Suppose 13 = 2*r + 1. Let t(p) be the third derivative of p**5/30 - p**4/8 + 7*p**3/6 + 14*p**2. Let x be t(5). What is the greatest common divisor of x and r?
6
Let k = -118 - -120. Suppose -11*v + 9 = -k*v. What is the greatest common factor of v and 4?
1
Let c = 138 - 6. Let u = -29252 + 29285. Calculate the highest common factor of u and c.
33
Let f = 144 - 66. Calculate the highest common divisor of 26 and f.
26
Let o be (((-192)/20)/4)/(6/(-15)). What is the greatest common divisor of o and 10?
2
Let j(r) = r + 3. Let b be j(-1). Suppose 0 = 5*x - 3*x. Suppose -3*u - b*a + 8 =